{"id":47411,"date":"2026-01-29T14:20:38","date_gmt":"2026-01-29T19:20:38","guid":{"rendered":"https:\/\/portage.ca\/?page_id=47411"},"modified":"2026-02-03T16:39:42","modified_gmt":"2026-02-03T21:39:42","slug":"table-du-chef-quebec","status":"publish","type":"page","link":"https:\/\/portage.ca\/fr\/fondation\/table-du-chef-quebec\/","title":{"rendered":"Table du Chef Qu\u00e9bec"},"content":{"rendered":"\n<h1>\n\t\t\tTable du Chef Qu\u00e9bec\t<\/h1>\n<h1>\n\t\t\tMercredi 22 avril 2026\t<\/h1>\n\t\t\t\t<img decoding=\"async\" src=\"https:\/\/portage.ca\/wp-content\/uploads\/2016\/03\/DSC_6491.jpg\" alt=\"Cocktail d\u00eenatoire - Fondation Portage\" itemprop=\"image\" height=\"2400\" width=\"3600\" title=\"Cocktail d\u00eenatoire - Fondation Portage\" onerror=\"this.style.display='none'\" loading=\"lazy\" \/>\n\tLa Table du Chef Qu\u00e9bec offre un acc\u00e8s privil\u00e9gi\u00e9 \u00e0 une exp\u00e9rience culinaire priv\u00e9e, au c\u0153ur des cuisines du <a href=\"https:\/\/www.fairmont.com\/fr\/hotels\/quebec-city\/fairmont-le-chateau-frontenac.html\" target=\"_blank\" rel=\"noopener\">Fairmont Le Ch\u00e2teau Frontenac<\/a>.\n<p class=\"lead\">Cette exp\u00e9rience unique, r\u00e9serv\u00e9e \u00e0 12 hommes et femmes d&rsquo;affaires de la r\u00e9gion de Qu\u00e9bec, est con\u00e7ue pour privil\u00e9gier le r\u00e9seautage en partageant une exp\u00e9rience gastronomique exceptionnelle, tout en amassant des fonds pour le <a href=\"https:\/\/portage.ca\/fr\/quebec\/programme-adolescents-francais-est\/\">programme pour adolescents et jeunes adultes \u00e0 Saint-Malachie<\/a>.<\/p>\n<p>Sous la direction du Chef ex\u00e9cutif et de sa brigade, les invit\u00e9s prennent part \u00e0 un atelier culinaire de haute gastronomie, incluant la pr\u00e9paration du repas, avant de le partager autour d&rsquo;une table qui se veut intime et conviviale.<\/p>\n<p>Si vous d\u00e9sirez avoir de plus amples renseignements concernant la Table du Chef Qu\u00e9bec, veuillez communiquer avec la Fondation Portage au <a href=\"tel:5149390202\">514-939-0202<\/a> ou contactez-nous par <a title=\"Original URL: https:\/\/portage.ca\/fr\/contact.. Click or tap if you trust this link.\" href=\"mailto:fondation@portage.ca\" data-auth=\"NotApplicable\" data-linkindex=\"0\">courriel<\/a>.<\/p>\n\t\t\t\t<img decoding=\"async\" src=\"https:\/\/portage.ca\/wp-content\/uploads\/2026\/01\/GIL_6940-scaled.jpeg\" alt=\"GIL_6940\" itemprop=\"image\" height=\"1029\" width=\"2560\" title=\"GIL_6940\" onerror=\"this.style.display='none'\" loading=\"lazy\" \/>\n\t\t\t\t<img decoding=\"async\" src=\"https:\/\/portage.ca\/wp-content\/uploads\/2026\/01\/GIL_7042-scaled.jpeg\" alt=\"GIL_7042\" itemprop=\"image\" height=\"2268\" width=\"2560\" title=\"GIL_7042\" onerror=\"this.style.display='none'\" loading=\"lazy\" \/>\n\t\t\t\t<img decoding=\"async\" src=\"https:\/\/portage.ca\/wp-content\/uploads\/2026\/01\/GIL_7024-scaled.jpeg\" alt=\"GIL_7024\" itemprop=\"image\" height=\"2351\" width=\"2560\" title=\"GIL_7024\" onerror=\"this.style.display='none'\" loading=\"lazy\" \/>\n\t\t\t\t<img decoding=\"async\" src=\"https:\/\/portage.ca\/wp-content\/uploads\/2026\/01\/GIL_6987-scaled.jpeg\" alt=\"GIL_6987\" itemprop=\"image\" height=\"1839\" width=\"2560\" title=\"GIL_6987\" onerror=\"this.style.display='none'\" loading=\"lazy\" \/>\n\n","protected":false},"excerpt":{"rendered":"<p>Table du Chef Qu\u00e9bec Mercredi 22 avril 2026 La Table du Chef Qu\u00e9bec offre un acc\u00e8s privil\u00e9gi\u00e9 \u00e0 une exp\u00e9rience culinaire priv\u00e9e, au c\u0153ur des cuisines du Fairmont Le Ch\u00e2teau Frontenac. Cette exp\u00e9rience unique, r\u00e9serv\u00e9e \u00e0 12 hommes et femmes d&rsquo;affaires de la r\u00e9gion de Qu\u00e9bec, est con\u00e7ue pour privil\u00e9gier le r\u00e9seautage en partageant une&#8230;  <a href=\"https:\/\/portage.ca\/fr\/fondation\/table-du-chef-quebec\/\" class=\"more-link\" title=\"Read Table du Chef Qu\u00e9bec\">Read more &raquo;<\/a><\/p>\n","protected":false},"author":13,"featured_media":22000,"parent":12632,"menu_order":0,"comment_status":"closed","ping_status":"closed","template":"page-full-width.php","meta":{"_acf_changed":false,"footnotes":"","_links_to":"","_links_to_target":""},"class_list":["post-47411","page","type-page","status-publish","has-post-thumbnail","hentry"],"acf":[],"_links":{"self":[{"href":"https:\/\/portage.ca\/fr\/wp-json\/wp\/v2\/pages\/47411","targetHints":{"allow":["GET"]}}],"collection":[{"href":"https:\/\/portage.ca\/fr\/wp-json\/wp\/v2\/pages"}],"about":[{"href":"https:\/\/portage.ca\/fr\/wp-json\/wp\/v2\/types\/page"}],"author":[{"embeddable":true,"href":"https:\/\/portage.ca\/fr\/wp-json\/wp\/v2\/users\/13"}],"replies":[{"embeddable":true,"href":"https:\/\/portage.ca\/fr\/wp-json\/wp\/v2\/comments?post=47411"}],"version-history":[{"count":4,"href":"https:\/\/portage.ca\/fr\/wp-json\/wp\/v2\/pages\/47411\/revisions"}],"predecessor-version":[{"id":47533,"href":"https:\/\/portage.ca\/fr\/wp-json\/wp\/v2\/pages\/47411\/revisions\/47533"}],"up":[{"embeddable":true,"href":"https:\/\/portage.ca\/fr\/wp-json\/wp\/v2\/pages\/12632"}],"wp:featuredmedia":[{"embeddable":true,"href":"https:\/\/portage.ca\/fr\/wp-json\/wp\/v2\/media\/22000"}],"wp:attachment":[{"href":"https:\/\/portage.ca\/fr\/wp-json\/wp\/v2\/media?parent=47411"}],"curies":[{"name":"wp","href":"https:\/\/api.w.org\/{rel}","templated":true}]}}

Table du Chef Québec

<h1>
			Table du Chef Québec	</h1>
<h1>
			Mercredi 22 avril 2026	</h1>
				<img decoding="async" src="https://portage.ca/wp-content/uploads/2016/03/DSC_6491.jpg" alt="Cocktail dînatoire - Fondation Portage" itemprop="image" height="2400" width="3600" title="Cocktail dînatoire - Fondation Portage" onerror="this.style.display='none'" loading="lazy" />
	La Table du Chef Québec offre un accès privilégié à une expérience culinaire privée, au cœur des cuisines du <a href="https://www.fairmont.com/fr/hotels/quebec-city/fairmont-le-chateau-frontenac.html" target="_blank" rel="noopener">Fairmont Le Château Frontenac</a>.
<p class="lead">Cette expérience unique, réservée à 12 hommes et femmes d&rsquo;affaires de la région de Québec, est conçue pour privilégier le réseautage en partageant une expérience gastronomique exceptionnelle, tout en amassant des fonds pour le <a href="https://portage.ca/fr/quebec/programme-adolescents-francais-est/">programme pour adolescents et jeunes adultes à Saint-Malachie</a>.</p>
<p>Sous la direction du Chef exécutif et de sa brigade, les invités prennent part à un atelier culinaire de haute gastronomie, incluant la préparation du repas, avant de le partager autour d&rsquo;une table qui se veut intime et conviviale.</p>
<p>Si vous désirez avoir de plus amples renseignements concernant la Table du Chef Québec, veuillez communiquer avec la Fondation Portage au <a href="tel:5149390202">514-939-0202</a> ou contactez-nous par <a title="Original URL: https://portage.ca/fr/contact.. Click or tap if you trust this link." href="mailto:fondation@portage.ca" data-auth="NotApplicable" data-linkindex="0">courriel</a>.</p>
				<img decoding="async" src="https://portage.ca/wp-content/uploads/2026/01/GIL_6940-scaled.jpeg" alt="GIL_6940" itemprop="image" height="1029" width="2560" title="GIL_6940" onerror="this.style.display='none'" loading="lazy" />
				<img decoding="async" src="https://portage.ca/wp-content/uploads/2026/01/GIL_7042-scaled.jpeg" alt="GIL_7042" itemprop="image" height="2268" width="2560" title="GIL_7042" onerror="this.style.display='none'" loading="lazy" />
				<img decoding="async" src="https://portage.ca/wp-content/uploads/2026/01/GIL_7024-scaled.jpeg" alt="GIL_7024" itemprop="image" height="2351" width="2560" title="GIL_7024" onerror="this.style.display='none'" loading="lazy" />
				<img decoding="async" src="https://portage.ca/wp-content/uploads/2026/01/GIL_6987-scaled.jpeg" alt="GIL_6987" itemprop="image" height="1839" width="2560" title="GIL_6987" onerror="this.style.display='none'" loading="lazy" />

<p>Table du Chef Québec Mercredi 22 avril 2026 La Table du Chef Québec offre un accès privilégié à une expérience culinaire privée, au cœur des cuisines du Fairmont Le Château Frontenac. Cette expérience unique, réservée à 12 hommes et femmes d&rsquo;affaires de la région de Québec, est conçue pour privilégier le réseautage en partageant une&#8230;  <a href="https://portage.ca/fr/fondation/table-du-chef-quebec/" class="more-link" title="Read Table du Chef Québec">Read more &raquo;</a></p>
